{"id":538,"date":"2019-06-19T10:43:04","date_gmt":"2019-06-19T08:43:04","guid":{"rendered":"https:\/\/siebenraum.wordpress.com\/?page_id=538"},"modified":"2022-11-29T14:55:35","modified_gmt":"2022-11-29T13:55:35","slug":"weiterbildungen-2","status":"publish","type":"page","link":"https:\/\/www.andrea-rakers.de\/?page_id=538","title":{"rendered":"Weiterbildungen"},"content":{"rendered":"<p>\n<!--StartFragment--><\/p>\n\n\n<p class=\"has-text-color has-medium-font-size\" id=\"meine-themenschwerpunkte\" style=\"color:#e75a2d\"><strong>Meine Themenschwerpunkte<\/strong><\/p>\n\n\n\n<p class=\"has-medium-orange-color has-text-color\" style=\"font-size:18px\"><em>&#8222;<strong>Hitzefrei&#8220; <\/strong><br>vom \u00c4lterwerden in der Arbeit<\/em><\/p>\n\n\n\n<div style=\"height:30px\" aria-hidden=\"true\" class=\"wp-block-spacer\"><\/div>\n\n\n\n<p><\/p>\n\n\n\n<p class=\"has-medium-orange-color has-text-color\" style=\"font-size:18px\"><strong>&#8222;<em>Was zehrt &#8211; was n\u00e4hrt?&#8220; <\/em><\/strong><em><br>Ein St\u00e4rkungsseminar f\u00fcr Frauen aus sozialen Berufen in de<\/em>r<em> Lebensmitte<\/em><\/p>\n\n\n\n<div style=\"height:40px\" aria-hidden=\"true\" class=\"wp-block-spacer\"><\/div>\n\n\n\n<p class=\"has-medium-orange-color has-text-color\" style=\"font-size:18px\"><strong> &#8222;<em>Meine Balance finden&#8220;<\/em><\/strong><em><br>f\u00fcr Berufseinsteiger_innen<\/em><\/p>\n\n\n\n<div style=\"height:40px\" aria-hidden=\"true\" class=\"wp-block-spacer\"><\/div>\n\n\n\n<p class=\"has-medium-orange-color has-text-color\" style=\"font-size:18px\"><strong><em>&#8222;Kreativit\u00e4tskoffer&#8220;<\/em><\/strong><em><br> \u00fcber die Anwendung verschiedener kreativer Methoden in der sozialen Arbeit<\/em><\/p>\n\n\n\n<div style=\"height:30px\" aria-hidden=\"true\" class=\"wp-block-spacer\"><\/div>\n\n\n\n<p class=\"has-medium-orange-color has-text-color\" style=\"font-size:18px\"><em>&#8222;<\/em><strong>Wandel begleiten&#8220; <\/strong><em><br>von \u00dcberg\u00e4ngen, Loslassen, Abschied nehmen und Neuanf\u00e4ngen<\/em><\/p>\n\n\n\n<div style=\"height:30px\" aria-hidden=\"true\" class=\"wp-block-spacer\"><\/div>\n\n\n\n<p class=\"has-text-color has-medium-font-size\" style=\"color:#e75a2d\"><strong>Methodik<\/strong><\/p>\n\n\n\n<p class=\"has-medium-orange-color has-text-color\" style=\"font-size:18px\"><em><strong>WIR sind unser Werkzeug! WIR sind unser Instrument und es gilt dieses  behutsam zu pflegen. <\/strong><\/em><\/p>\n\n\n\n<p style=\"font-size:16px\"><em><em>In meinen Fortbildungen arbeite ich mit verschiedenen kreativen Methoden. Es gibt einen gro\u00dfen Anteil an Selbstreflexion und kollegialem Austausch. Achtsamkeits \u2013 <\/em><\/em>und K\u00f6rper\u00fcbungen runden die Seminare ab. Der theoretische Anteil wird impliziert.<\/p>\n\n\n\n<p style=\"font-size:18px\"><strong><em>Gerne erarbeite ich auch ein passendes Thema f\u00fcr Ihre Einrichtung. <\/em><\/strong><\/p>\n\n\n\n<p style=\"font-size:16px\"><em>Weitere Themen wie z.B. N\u00e4he\/Distanz Regulation,  Abgrenzungsmechanismen, die eigene Haltung erforschen,  <strong><span class=\"uppercase\"><span style=\"text-decoration:underline;\"><em>\u201e<\/em><\/span><\/span><\/strong>das innere Team&#8220; k\u00f6nnen angefragt werden. <\/em><\/p>\n\n\n\n<p>&nbsp;<\/p>\n\n\n\n<div style=\"height:60px\" aria-hidden=\"true\" class=\"wp-block-spacer\"><\/div>\n\n\n\n<p class=\"has-small-font-size\"><em>Bildquelle: Max Ravier by pexels<\/em><\/p>\n","protected":false},"excerpt":{"rendered":"<p>Meine Themenschwerpunkte &#8222;Hitzefrei&#8220; vom \u00c4lterwerden in der Arbeit &#8222;Was zehrt &#8211; was n\u00e4hrt?&#8220; Ein St\u00e4rkungsseminar f\u00fcr Frauen aus sozialen Berufen in der Lebensmitte &#8222;Meine Balance finden&#8220;f\u00fcr Berufseinsteiger_innen &#8222;Kreativit\u00e4tskoffer&#8220; \u00fcber die Anwendung verschiedener kreativer Methoden in der sozialen Arbeit &#8222;Wandel begleiten&#8220; von \u00dcberg\u00e4ngen, Loslassen, Abschied nehmen und Neuanf\u00e4ngen Methodik WIR sind unser Werkzeug! WIR sind unser &hellip; <a href=\"https:\/\/www.andrea-rakers.de\/?page_id=538\" class=\"more-link\"><span class=\"screen-reader-text\">Weiterbildungen<\/span> weiterlesen<\/a><\/p>\n","protected":false},"author":1,"featured_media":1184,"parent":0,"menu_order":0,"comment_status":"closed","ping_status":"closed","template":"templates\/full-width-page.php","meta":{"footnotes":""},"class_list":["post-538","page","type-page","status-publish","has-post-thumbnail","hentry"],"_links":{"self":[{"href":"https:\/\/www.andrea-rakers.de\/index.php?rest_route=\/wp\/v2\/pages\/538","targetHints":{"allow":["GET"]}}],"collection":[{"href":"https:\/\/www.andrea-rakers.de\/index.php?rest_route=\/wp\/v2\/pages"}],"about":[{"href":"https:\/\/www.andrea-rakers.de\/index.php?rest_route=\/wp\/v2\/types\/page"}],"author":[{"embeddable":true,"href":"https:\/\/www.andrea-rakers.de\/index.php?rest_route=\/wp\/v2\/users\/1"}],"replies":[{"embeddable":true,"href":"https:\/\/www.andrea-rakers.de\/index.php?rest_route=%2Fwp%2Fv2%2Fcomments&post=538"}],"version-history":[{"count":1,"href":"https:\/\/www.andrea-rakers.de\/index.php?rest_route=\/wp\/v2\/pages\/538\/revisions"}],"predecessor-version":[{"id":1187,"href":"https:\/\/www.andrea-rakers.de\/index.php?rest_route=\/wp\/v2\/pages\/538\/revisions\/1187"}],"wp:featuredmedia":[{"embeddable":true,"href":"https:\/\/www.andrea-rakers.de\/index.php?rest_route=\/wp\/v2\/media\/1184"}],"wp:attachment":[{"href":"https:\/\/www.andrea-rakers.de\/index.php?rest_route=%2Fwp%2Fv2%2Fmedia&parent=538"}],"curies":[{"name":"wp","href":"https:\/\/api.w.org\/{rel}","templated":true}]}}